 prime factors of g?
33503
Let y be (5 - 4791/15) + (-9)/15. Let b = 546 + y. What are the prime factors of b?
3, 7, 11
Let d(p) be the second derivative of 13*p**5/10 - p**4/3 + p**3/3 - 8*p**2 + 69*p. List the prime factors of d(4).
2, 199
Let m(i) = 2*i**2 - 15*i + 34. Let j be m(11). Let c = j - 93. What are the prime factors of (42/(-2))/(c/(-126))?
3, 7
Let r(l) = 4*l. Let x be r(2). Suppose 2*k + 3*s + s - 62 = 0, 4*s = -3*k + 99. Let a = k + x. List the prime factors of a.
3, 5
Suppose -3*z = -5*l + 24, 4*z = -20 + 8. What are the prime factors of ((-54300)/90)/((-2)/l)?
5, 181
Let u(y) = -45*y - 12. Suppose -4*v - 49 + 33 = 0. Let g be u(v). Suppose -162 = -6*z + g. List the prime factors of z.
5, 11
Suppose -67 = -3*u + 26. Let b = -18 + u. Suppose 126 = 16*a - b*a. List the prime factors of a.
2, 3, 7
Let i(l) = -2*l**2 + 139*l - 76 + 3*l**2 - 137*l. What are the prime factors of i(41)?
7, 241
List the prime factors of ((63868/(-20))/7)/((-2)/10).
2281
Let a(l) = -5*l**3 + 11*l**2 - 9*l - 26. Let f be a(8). Let u = f - -2743. What are the prime factors of u?
3, 263
Let i be ((-6)/(-30)*-4)/((-2)/(-25)). Let b(z) = 3*z + 32. Let c be b(i). Suppose 220 = 2*o - c*h, o + 3*o - 446 = 2*h. List the prime factors of o.
113
Suppose -1497598 = -356*s + 67*s. List the prime factors of s.
2, 2591
Let a = -66 + 68. Suppose -2*j + 0*j + 630 = a*v, 4*j = 20. What are the prime factors of v?
2, 5, 31
Suppose -4*d + 4*l = -732, 5*d - 3*l - 198 - 719 = 0. What are the prime factors of d?
2, 23
Let y(f) = -4*f + 11. Let o be y(-24). Let q = -47 + o. What are the prime factors of q?
2, 3, 5
Let p(b) = -541*b - 72. Let s be p(-2). Let c = s + -552. List the prime factors of c.
2, 229
Suppose 5*l + 2*w = -39, -4*l = -w - 3*w + 20. Let j be 62/5*((-119)/l - 7). What are the prime factors of j/155*(1 - -49)?
2, 5
Let b be ((-4)/10)/((-6)/3420). Let o = b + 106. What are the prime factors of o?
2, 167
Suppose 24 = -3*g + 3*y, 3*g - 26 = 6*g - 4*y. List the prime factors of (g/(-1))/((-72)/(-15156)).
3, 421
Let t(r) = r**2 + 2*r. Let z be t(0). Suppose -2*x + 544 + 132 = z. What are the prime factors of x?
2, 13
Let l = 762 + -757. Suppose 5 = i, l*x - i + 6*i = 2815. List the prime factors of x.
2, 3, 31
Let v(h) be the second derivative of -77*h**3/6 - 33*h**2 - 19*h. What are the prime factors of v(-8)?
2, 5, 11
Suppose -r - 3*g = -11, -2*r + 5 = -2*g - 1. Let t be (-2)/(-4) + r/20*-38. Let l(z) = -11*z - 5. List the prime factors of l(t).
2, 47
Let u be (4 + (-1540)/21)*3/(-2). Let w = u - 77. Let z = 133 - w. What are the prime factors of z?
2, 53
Suppose 54*a - 169479 = 336825. List the prime factors of a.
2, 293
Let a = -389 - -263. Let y = 18 + a. Let r = -28 - y. List the prime factors of r.
2, 5
Let b be (-98)/(-4) + (8/(-16))/(-1). Let y be ((7 - 2) + b)*38/(-4). List the prime factors of (8/6 + -1)/((-1)/y).
5, 19
Let w = -138 + 158. Let b be (-4)/w + (-1)/(-5). Suppose b = -21*p + 7*p + 602. List the prime factors of p.
43
Let o(u) = -2*u**3 + 12*u**2 - 13*u - 10. Let x be o(6). Let k = x - -439. What are the prime factors of k?
3, 13
Let m = -82246 - -134235. List the prime factors of m.
7, 1061
Let o be 4 - (((-528)/4)/(-3) - 2). Let k = o + 67. Suppose 0 = c - 40 - k. What are the prime factors of c?
3, 23
Let m(l) = 925*l - 2481. What are the prime factors of m(7)?
2, 1997
Suppose 9*k + 23 = -49. List the prime factors of 1 - (-12)/k*-634.
2, 7, 17
Let k = 6296 - 1714. Suppose -3*a - j + k = 0, 2*j - 415 = 2*a - 3483. List the prime factors of a.
11, 139
Let y = 77238 + -50565. What are the prime factors of y?
3, 17, 523
Let k(h) = 0*h**2 - 2*h**3 - 676 + 15*h + 51*h**2 - h**3 + h**3 + 780. What are the prime factors of k(25)?
2, 3, 23
Suppose 5*b = -3*a - 0*b + 374, -a = -5*b - 118. Suppose -3 = 8*u - a. Let n = u + 29. List the prime factors of n.
2, 11
Suppose 25 = -64*o + 69*o. Suppose -22 - 48 = 3*u + o*b, u - 5*b = -50. What are the prime factors of (696/20)/((-9)/u)?
2, 29
Suppose 5*o = y + 6, -10 = 3*o - 4*y - 0*y. Let x(f) = f. Let d be x(o). Suppose -d*w = -21 - 145. What are the prime factors of w?
83
Let k(j) = -12*j**3 - 2*j**2 + 6*j - 33. Let m(b) = -20*b**3 - 4*b**2 + 12*b - 65. Let g(x) = -7*k(x) + 4*m(x). List the prime factors of g(7).
3, 11, 13
Let n be 60352/(-176) - (-1)/(-11). Let m = n + 837. List the prime factors of m.
2, 13, 19
Suppose -103*m + 77466 - 91601 = -1963101. What are the prime factors of m?
2, 9461
Let c(s) = s**3 + 14*s**2 - 38*s + 22. Let p(h) = -h**2 - 19*h - 50. Let i be p(-17). What are the prime factors of c(i)?
2, 59
Let g be 3 - -2*(-1)/(-2). Suppose 5*u + 4*f = -118 + 1373, -g*u = 3*f - 1003. List the prime factors of u.
13, 19
Let c = -2439 + 3011. What are the prime factors of c?
2, 11, 13
Let g(j) = 2*j**2 - 5*j - 40. Let x be g(6). Let o(s) = 104*s**3 + 8*s**2 - 16*s + 3. List the prime factors of o(x).
5, 167
Let u(x) = -8*x + 8. Let f(l) = -24*l + 23. Let j(g) = -2*f(g) + 7*u(g). List the prime factors of j(-20).
2, 5, 17
Suppose 0 = -r + 1 - 8. Let y be (-160 + 155)/((-5)/2 - 0). List the prime factors of y/6*r/((-63)/5211).
193
Let x = -74 - -117. Let g = x + 30. Suppose h = 88 + g. What are the prime factors of h?
7, 23
Suppose -4*x - 4*m + m + 11 = 0, 0 = -4*x - 5*m + 13. Let r(q) = 17*q**2. List the prime factors of r(x).
2, 17
Suppose -4*v + 5*c + 8296 = 0, c = -v + 6*v - 10349. Suppose -4*i = 6*u - 7*u + v, u - 2114 = -5*i. List the prime factors of u.
2089
Suppose -2*y - 34 = -5*p, p + 4 = -3*y + 7*y. Let h be (6/12)/((-1)/p). List the prime factors of 148*(-6)/h*11/33.
2, 37
Suppose 7*l = 138 + 2025. Suppose -5*u = h - 1503, -u + 5*h - h = -l. List the prime factors of u.
7, 43
Suppose -17*b + 11*b - 5034 = 0. Let d = 3059 + b. Suppose -d = -6*r - 6*r. List the prime factors of r.
5, 37
Let v be 1 + 1198/(-4) - 102/68. List the prime factors of (-1465)/(-6) - (-50)/v.
2, 61
What are the prime factors of ((-624)/260)/(4/(-8470))?
2, 3, 7, 11
Let m(z) = 228*z**2 - 87*z + 327. List the prime factors of m(4).
3, 13, 31
What are the prime factors of (1777 - (-5 + 9)) + (-10 - 0)/(-2)?
2, 7, 127
Let g = 9763 - 1193. List the prime factors of g.
2, 5, 857
Suppose 89 - 17 = -8*x. Let i be 25*-1*(x + 7). Let r = 78 - i. List the prime factors of r.
2, 7
Let r = 42296 + -25575. List the prime factors of r.
23, 727
Let r(l) = 304*l**2 + 196*l - 11. What are the prime factors of r(7)?
3, 5419
Suppose -2*a + 16 = -0. Suppose 10*i = a*i - 760. Let x = 548 + i. What are the prime factors of x?
2, 3, 7
Suppose -48*p + 113*p - 863785 = 0. What are the prime factors of p?
97, 137
Suppose -f = -5, -2*i = 2*f - 13909 + 2251. What are the prime factors of i?
2, 7, 13
Let l be -4 - (-2157 + -3) - -1. Suppose -l - 2127 = -5*c + 2*d, 0 = -4*c + d + 3426. What are the prime factors of c?
2, 107
Suppose 3*u - 5*l = 31, -2*u - 4 + 3 = l. Let n be 2 + ((-2)/u - -29). Let s = n - -33. List the prime factors of s.
3, 7
Suppose -18*c - 4*v + 57 = -13*c, -5*c + 5*v + 75 = 0. Suppose -3*t - 3380 = -c*t. List the prime factors of t.
2, 13
Suppose 0 = 4*c + 2*z - 15 - 5, -2*z = c - 8. Suppose -c*d + 3*d = -2. What are the prime factors of (-172)/(-8) + 1/d?
2, 11
Let d(v) = 7*v**2 - 9*v + 3. Let l(r) = 2*r**2 + 22*r + 5. Let k be l(-11). List the prime factors of d(k).
7, 19
Suppose -m = 3*l - 8102, -57*m + 3*l = -54*m - 24282. List the prime factors of m.
2, 11, 23
Suppose 121*g = 323020 + 286 + 491750. What are the prime factors of g?
2, 421
Let z = 40950 - -3810. What are the prime factors of z?
2, 3, 5, 373
Suppose 989 = 2*h - 571. Let d = h + -492. Let v = d - 127. What are the prime factors of v?
7, 23
Let n(c) = 21*c - 252. Let b(k) = 3*k - 36. Let w(r) = 30*b(r) - 4*n(r). Let h be w(22). Suppose 23*u - 18*u - h = 0. List the prime factors of u.
2, 3
Suppose 19*q - 605140 = 4*q - 5*q. What are the prime factors of q?
79, 383
Let l(y) = y**3 - 7*y**2 + 7*y - 5. Let x be l(6). Let z(u) = -1. Let f(j) = 6*j + 5. Let a(o) = 3*f(o) + 12*z(o). What are the prime factors of a(x)?
3, 7
Suppose -360*h + 5724436 = -2918444. List the prime factors of h.
2, 3001
Suppose 0 = 9*j - 18*j. What are the prime factors of (-15972)/(-18) - (j - 4/6)?
2, 3, 37
Suppose -8*u = -5 - 35. Suppose 0 = -5*v + 4*x - 16, v - u*x = 